 greatest common divisor of 68886 and 9202.
86
Calculate the greatest common factor of 146944 and 333248.
2624
What is the highest common factor of 69616 and 4122?
458
What is the greatest common divisor of 17 and 544442?
17
What is the highest common factor of 218894 and 208?
26
What is the highest common divisor of 115517 and 2130?
71
Calculate the greatest common divisor of 144 and 1074.
6
Calculate the greatest common factor of 169 and 3341.
13
Calculate the greatest common factor of 10302 and 918.
102
Calculate the highest common factor of 22089 and 481.
37
What is the greatest common divisor of 74069 and 85?
17
What is the highest common factor of 812 and 177596?
116
Calculate the highest common factor of 92 and 9091762.
46
Calculate the greatest common divisor of 368 and 37996.
92
What is the greatest common factor of 2176 and 906032?
272
What is the greatest common factor of 54192 and 3312?
48
Calculate the highest common divisor of 2318 and 703.
19
What is the highest common factor of 3129287 and 49?
49
Calculate the highest common factor of 44 and 706134.
22
Calculate the highest common factor of 81864 and 28046.
758
What is the highest common divisor of 111775 and 1275?
425
Calculate the greatest common divisor of 4326 and 21939.
309
Calculate the highest common factor of 1731230 and 740.
370
Calculate the highest common divisor of 8211 and 639387.
357
What is the highest common factor of 90 and 936?
18
What is the highest common divisor of 100 and 626300?
100
What is the greatest common factor of 16 and 81616?
16
What is the highest common divisor of 1885 and 19903?
13
What is the greatest common divisor of 1152 and 399488?
128
What is the highest common factor of 871 and 190816?
67
What is the greatest common divisor of 279 and 120825?
9
Calculate the highest common factor of 680306 and 867.
289
Calculate the greatest common divisor of 985744 and 48.
16
Calculate the greatest common divisor of 26314 and 3122.
446
What is the greatest common divisor of 902 and 22154?
22
What is the greatest common factor of 171834 and 1404?
78
Calculate the highest common divisor of 348719 and 31.
31
What is the greatest common divisor of 38 and 1558?
38
What is the highest common divisor of 14093 and 34?
17
What is the greatest common factor of 3120 and 1800?
120
Calculate the greatest common factor of 20180 and 25.
5
Calculate the highest common factor of 10710 and 1462986.
2142
What is the highest common factor of 140 and 2435?
5
What is the greatest common factor of 160 and 25840?
80
Calculate the greatest common divisor of 1365 and 2496.
39
What is the greatest common factor of 21144 and 2280?
24
Calculate the greatest common factor of 3551065 and 35.
35
Calculate the highest common divisor of 33368 and 3096.
344
What is the highest common factor of 1054 and 10438?
34
What is the greatest common factor of 47 and 175169?
47
What is the highest common divisor of 146520 and 2115?
45
Calculate the greatest common divisor of 1326 and 47566.
34
What is the greatest common factor of 163835 and 6795?
755
What is the highest common divisor of 2360 and 9140?
20
Calculate the greatest common divisor of 4394438 and 59.
59
Calculate the highest common factor of 641127 and 141.
141
Calculate the greatest common divisor of 48 and 24540.
12
What is the highest common factor of 186979 and 1976?
247
What is the greatest common factor of 120 and 40980?
60
What is the greatest common factor of 91 and 7665?
7
What is the highest common divisor of 88 and 914012?
44
Calculate the highest common factor of 161256 and 1320.
24
Calculate the highest common factor of 524322 and 90.
18
Calculate the highest common divisor of 21350 and 112.
14
Calculate the highest common factor of 572 and 2483.
13
What is the highest common divisor of 69225 and 15?
15
What is the highest common factor of 237966 and 102?
102
Calculate the greatest common factor of 143914 and 188.
94
Calculate the greatest common divisor of 111 and 24318.
3
What is the greatest common factor of 116 and 70615?
29
Calculate the greatest common factor of 703 and 210641.
37
Calculate the greatest common factor of 7264 and 2951.
227
Calculate the highest common divisor of 216 and 61956.
36
What is the greatest common factor of 5447 and 572?
13
Calculate the greatest common divisor of 73724 and 28.
28
What is the highest common factor of 7651030 and 10?
10
Calculate the greatest common factor of 4305 and 328.
41
What is the highest common divisor of 30 and 475800?
30
What is the greatest common divisor of 51305 and 15?
5
Calculate the greatest common divisor of 157730 and 50.
10
Calculate the greatest common factor of 130780 and 5980.
260
Calculate the greatest common factor of 55605 and 495.
165
Calculate the greatest common factor of 459 and 213.
3
What is the greatest common factor of 1367 and 3?
1
What is the greatest common factor of 2142 and 15096?
102
Calculate the greatest common factor of 16752 and 336.
48
What is the highest common factor of 40285 and 315?
35
What is the highest common factor of 9063 and 323?
19
Calculate the highest common divisor of 2826 and 1116.
18
Calculate the greatest common factor of 12 and 16704.
12
Calculate the greatest common divisor of 36 and 8748.
36
What is the highest common factor of 1240 and 3240?
40
Calculate the highest common factor of 57555 and 405.
45
What is the highest common factor of 6066 and 1098?
18
What is the greatest common divisor of 4728 and 534?
6
Calculate the highest common divisor of 249480 and 28.
28
Calculate the highest common divisor of 32751 and 189.
27
Calculate the greatest common divisor of 160 and 88664.
8
What is the greatest common factor of 81950 and 44?
22
Calculate the greatest common factor of 457683 and 246.
123
Calculate the greatest common factor of 14 and 10702.
2
What is the greatest common divisor of 40495 and 43680?
455
Calculate the greatest common divisor of 14703 and 666159.
1131
Calculate the highest common divisor of 1368 and 808716.
228
Calculate the greatest common divisor of 1 and 361.
1
What is the highest common factor of 1360 and 31552?
272
What is the greatest common divisor of 704940 and 744?
372
What is the greatest common divisor of 134 and 50317?
67
Calculate the greatest common divisor of 10 and 299495.
5
Calculate the highest common factor of 52 and 11496.
4
What is the highest common factor of 1521 and 3393?
117
What is the highest common divisor of 183859 and 585?
13
What is the highest common divisor of 6336 and 59499?
99
Calculate the highest common factor of 7093 and 33908.
173
Calculate the greatest common divisor of 30 and 407265.
15
What is the greatest common factor of 5945 and 137350?
205
What is the highest common factor of 3299826 and 186?
186
What is the greatest common divisor of 42 and 77889?
21
What is the greatest common divisor of 227143 and 175?
7
Calculate the greatest common divisor of 57 and 24.
3
Calculate the greatest common divisor of 569124 and 252.
36
What is the greatest common factor of 164894 and 812?
58
What is the greatest common divisor of 3443 and 13508?
11
Calculate the greatest common divisor of 58915 and 7.
1
Calculate the greatest common factor of 3117156 and 18.
6
What is the greatest common divisor of 42464 and 96?
32
What is the highest common divisor of 2844 and 2159307?
711
Calculate the greatest common factor of 25 and 17795.
5
Calculate the highest common divisor of 196475 and 2900.
725
What is the greatest common factor of 320305 and 290?
145
What is the highest common divisor of 264540 and 3360?
60
What is the greatest common divisor of 67 and 109009?
67
What is the highest common factor of 115612 and 392?
28
What is the highest common divisor of 2589 and 367?
1
Calculate the greatest common factor of 455143 and 104.
13
Calculate the greatest common factor of 26810 and 105.
35
What is the greatest common factor of 2782240 and 160?
160
Calculate the highest common factor of 486 and 126.
18
Calculate the greatest common divisor of 3388 and 21.
7
What is the highest common divisor of 3330 and 907314?
222
Calculate the highest common divisor of 3504 and 4161.
219
What is the greatest common divisor of 380052 and 87210?
918
What is the highest common divisor of 42